{"id":25,"date":"2014-02-22T00:14:46","date_gmt":"2014-02-21T23:14:46","guid":{"rendered":"http:\/\/tarifspostaux.info\/?page_id=25"},"modified":"2024-06-20T13:43:30","modified_gmt":"2024-06-20T13:43:30","slug":"lettre-verte","status":"publish","type":"page","link":"https:\/\/horaireslaposte.com\/info\/courrier-france\/lettre-verte\/","title":{"rendered":"Lettre verte"},"content":{"rendered":"<div class=\"wp-block-image\">\n<figure class=\"alignleft size-full is-resized\"><img loading=\"lazy\" decoding=\"async\" width=\"660\" height=\"841\" src=\"https:\/\/horaireslaposte.com\/info\/wp-content\/uploads\/2024\/06\/lettre-verte-660x841-1.jpg\" alt=\"\" class=\"wp-image-12255\" style=\"width:200px\" srcset=\"https:\/\/horaireslaposte.com\/info\/wp-content\/uploads\/2024\/06\/lettre-verte-660x841-1.jpg 660w, https:\/\/horaireslaposte.com\/info\/wp-content\/uploads\/2024\/06\/lettre-verte-660x841-1-235x300.jpg 235w\" sizes=\"auto, (max-width: 660px) 100vw, 660px\" \/><\/figure>\n<\/div>\n\n\n<p>La lettre verte est un service postal assez r\u00e9cent d\u00e9velopp\u00e9 par La Poste. L&rsquo;objectif a \u00e9t\u00e9 de cr\u00e9er un nouveau produit surfant sur la vague \u00ab\u00a0\u00e9cologique\u00a0\u00bb, r\u00e9pondant \u00e0 une demande de r\u00e9duction d&rsquo;\u00e9mission de gaz carbonique.<\/p>\n\n\n\n<p>Depuis sa sortie, les employ\u00e9s de La Poste encouragent \u00e9norm\u00e9ment les consommateurs \u00e0 utiliser ce service pour ses raisons \u00ab\u00a0\u00e9colo\u00a0\u00bb bien que La Poste propose un autre service \u00e9galement \u00e9cologique qui existe depuis bien plus longtemps : <a href=\"https:\/\/horaireslaposte.com\/info\/\/courrier-france\/ecopli\/\">l&rsquo;Ecopli<\/a>.<\/p>\n\n\n\n<p>L\u00e0 aussi, le timbre est mat\u00e9rialis\u00e9 par la couleur verte. Le service lettre verte demeure moins cher que <a title=\"Lettre prioritaire\" href=\"http:\/\/tarifspostaux.info\/courrier-france\/lettre-prioritaire\/\">le courrier prioritaire<\/a>, m\u00eame si son prix augmente chaque ann\u00e9e. Ci-dessous, retrouvez les prix pratiqu\u00e9s pour l&rsquo;ann\u00e9e 2014 et qui ont \u00e9t\u00e9 modifi\u00e9s au 1er janvier dernier.<\/p>\n\n\n\n<h2 class=\"wp-block-heading\" id=\"tablepress-2-name\">Tarifs Lettre Verte La Poste<\/h2>\n\n\n\n<figure class=\"wp-block-table\"><table><thead><tr><th>POIDS JUSQU&rsquo;\u00c0<\/th><th>TARIFS NETS<\/th><\/tr><\/thead><tbody><tr><td>20 g<\/td><td>0.80 \u20ac<\/td><\/tr><tr><td>100 g<\/td><td>2 timbres<br>soit 1,60 \u20ac<\/td><\/tr><tr><td>250 g<\/td><td>4 timbres<br>soit 3,20 \u20ac<\/td><\/tr><tr><td>500 g<\/td><td>6 timbres<br>soit 4,80 \u20ac<\/td><\/tr><tr><td>3 kg<\/td><td>8 timbres<br>soit 6,40 \u20ac<\/td><\/tr><\/tbody><\/table><\/figure>\n\n\n\n<p>Par exemple, vous envoyez un courrier de 55 grammes via le service Lettre Verte, vous devrez payer 1,55\u20ac. Rien ne vous oblige \u00e0 utiliser un seul et unique timbre o\u00f9 est mentionn\u00e9 \u00ab\u00a0Lettre verte\u00a0\u00bb, vous pouvez en utiliser plusieurs et leur valeur totale doit correspondre au prix de l&rsquo;affranchissement.<\/p>\n","protected":false},"excerpt":{"rendered":"<p>La lettre verte est un service postal assez r\u00e9cent d\u00e9velopp\u00e9 par La Poste. L&rsquo;objectif a \u00e9t\u00e9 de cr\u00e9er un nouveau produit surfant sur la vague \u00ab\u00a0\u00e9cologique\u00a0\u00bb, r\u00e9pondant \u00e0 une demande de r\u00e9duction d&rsquo;\u00e9mission de gaz carbonique. Depuis sa sortie, les employ\u00e9s de La Poste encouragent \u00e9norm\u00e9ment les consommateurs \u00e0 utiliser ce service pour ses raisons &#8230; <a title=\"Lettre verte\" class=\"read-more\" href=\"https:\/\/horaireslaposte.com\/info\/courrier-france\/lettre-verte\/\" aria-label=\"En savoir plus sur Lettre verte\">Lire plus<\/a><\/p>\n","protected":false},"author":1,"featured_media":0,"parent":12164,"menu_order":0,"comment_status":"closed","ping_status":"closed","template":"","meta":{"footnotes":""},"class_list":["post-25","page","type-page","status-publish"],"yoast_head":"<!-- This site is optimized with the Yoast SEO plugin v25.7 - https:\/\/yoast.com\/wordpress\/plugins\/seo\/ -->\n<title>Lettre verte - Info Business et Entreprise<\/title>\n<meta name=\"robots\" content=\"index, follow, max-snippet:-1, max-image-preview:large, max-video-preview:-1\" \/>\n<link rel=\"canonical\" href=\"https:\/\/horaireslaposte.com\/info\/courrier-france\/lettre-verte\/\" \/>\n<meta property=\"og:locale\" content=\"fr_FR\" \/>\n<meta property=\"og:type\" content=\"article\" \/>\n<meta property=\"og:title\" content=\"Lettre verte - Info Business et Entreprise\" \/>\n<meta property=\"og:description\" content=\"La lettre verte est un service postal assez r\u00e9cent d\u00e9velopp\u00e9 par La Poste. L&rsquo;objectif a \u00e9t\u00e9 de cr\u00e9er un nouveau produit surfant sur la vague \u00ab\u00a0\u00e9cologique\u00a0\u00bb, r\u00e9pondant \u00e0 une demande de r\u00e9duction d&rsquo;\u00e9mission de gaz carbonique. Depuis sa sortie, les employ\u00e9s de La Poste encouragent \u00e9norm\u00e9ment les consommateurs \u00e0 utiliser ce service pour ses raisons ... Lire plus\" \/>\n<meta property=\"og:url\" content=\"https:\/\/horaireslaposte.com\/info\/courrier-france\/lettre-verte\/\" \/>\n<meta property=\"og:site_name\" content=\"Info Business et Entreprise\" \/>\n<meta property=\"article:modified_time\" content=\"2024-06-20T13:43:30+00:00\" \/>\n<meta property=\"og:image\" content=\"https:\/\/horaireslaposte.com\/info\/wp-content\/uploads\/2024\/06\/lettre-verte-660x841-1.jpg\" \/>\n<meta name=\"twitter:card\" content=\"summary_large_image\" \/>\n<script type=\"application\/ld+json\" class=\"yoast-schema-graph\">{\"@context\":\"https:\/\/schema.org\",\"@graph\":[{\"@type\":\"WebPage\",\"@id\":\"https:\/\/horaireslaposte.com\/info\/courrier-france\/lettre-verte\/\",\"url\":\"https:\/\/horaireslaposte.com\/info\/courrier-france\/lettre-verte\/\",\"name\":\"Lettre verte - Info Business et Entreprise\",\"isPartOf\":{\"@id\":\"https:\/\/horaireslaposte.com\/info\/#website\"},\"primaryImageOfPage\":{\"@id\":\"https:\/\/horaireslaposte.com\/info\/courrier-france\/lettre-verte\/#primaryimage\"},\"image\":{\"@id\":\"https:\/\/horaireslaposte.com\/info\/courrier-france\/lettre-verte\/#primaryimage\"},\"thumbnailUrl\":\"https:\/\/horaireslaposte.com\/info\/wp-content\/uploads\/2024\/06\/lettre-verte-660x841-1.jpg\",\"datePublished\":\"2014-02-21T23:14:46+00:00\",\"dateModified\":\"2024-06-20T13:43:30+00:00\",\"breadcrumb\":{\"@id\":\"https:\/\/horaireslaposte.com\/info\/courrier-france\/lettre-verte\/#breadcrumb\"},\"inLanguage\":\"fr-FR\",\"potentialAction\":[{\"@type\":\"ReadAction\",\"target\":[\"https:\/\/horaireslaposte.com\/info\/courrier-france\/lettre-verte\/\"]}]},{\"@type\":\"ImageObject\",\"inLanguage\":\"fr-FR\",\"@id\":\"https:\/\/horaireslaposte.com\/info\/courrier-france\/lettre-verte\/#primaryimage\",\"url\":\"https:\/\/horaireslaposte.com\/info\/wp-content\/uploads\/2024\/06\/lettre-verte-660x841-1.jpg\",\"contentUrl\":\"https:\/\/horaireslaposte.com\/info\/wp-content\/uploads\/2024\/06\/lettre-verte-660x841-1.jpg\",\"width\":660,\"height\":841},{\"@type\":\"BreadcrumbList\",\"@id\":\"https:\/\/horaireslaposte.com\/info\/courrier-france\/lettre-verte\/#breadcrumb\",\"itemListElement\":[{\"@type\":\"ListItem\",\"position\":1,\"name\":\"Accueil\",\"item\":\"https:\/\/horaireslaposte.com\/info\/\"},{\"@type\":\"ListItem\",\"position\":2,\"name\":\"Courrier France\",\"item\":\"https:\/\/horaireslaposte.com\/info\/courrier-france\/\"},{\"@type\":\"ListItem\",\"position\":3,\"name\":\"Lettre verte\"}]},{\"@type\":\"WebSite\",\"@id\":\"https:\/\/horaireslaposte.com\/info\/#website\",\"url\":\"https:\/\/horaireslaposte.com\/info\/\",\"name\":\"Info Business et Entreprise\",\"description\":\"\",\"publisher\":{\"@id\":\"https:\/\/horaireslaposte.com\/info\/#organization\"},\"potentialAction\":[{\"@type\":\"SearchAction\",\"target\":{\"@type\":\"EntryPoint\",\"urlTemplate\":\"https:\/\/horaireslaposte.com\/info\/?s={search_term_string}\"},\"query-input\":{\"@type\":\"PropertyValueSpecification\",\"valueRequired\":true,\"valueName\":\"search_term_string\"}}],\"inLanguage\":\"fr-FR\"},{\"@type\":\"Organization\",\"@id\":\"https:\/\/horaireslaposte.com\/info\/#organization\",\"name\":\"Info Business et Entreprise\",\"url\":\"https:\/\/horaireslaposte.com\/info\/\",\"logo\":{\"@type\":\"ImageObject\",\"inLanguage\":\"fr-FR\",\"@id\":\"https:\/\/horaireslaposte.com\/info\/#\/schema\/logo\/image\/\",\"url\":\"https:\/\/horaireslaposte.com\/info\/wp-content\/uploads\/2024\/05\/cropped-Capture-decran-2024-05-20-a-12.31.27.png\",\"contentUrl\":\"https:\/\/horaireslaposte.com\/info\/wp-content\/uploads\/2024\/05\/cropped-Capture-decran-2024-05-20-a-12.31.27.png\",\"width\":346,\"height\":88,\"caption\":\"Info Business et Entreprise\"},\"image\":{\"@id\":\"https:\/\/horaireslaposte.com\/info\/#\/schema\/logo\/image\/\"}}]}<\/script>\n<!-- \/ Yoast SEO plugin. -->","yoast_head_json":{"title":"Lettre verte - Info Business et Entreprise","robots":{"index":"index","follow":"follow","max-snippet":"max-snippet:-1","max-image-preview":"max-image-preview:large","max-video-preview":"max-video-preview:-1"},"canonical":"https:\/\/horaireslaposte.com\/info\/courrier-france\/lettre-verte\/","og_locale":"fr_FR","og_type":"article","og_title":"Lettre verte - Info Business et Entreprise","og_description":"La lettre verte est un service postal assez r\u00e9cent d\u00e9velopp\u00e9 par La Poste. L&rsquo;objectif a \u00e9t\u00e9 de cr\u00e9er un nouveau produit surfant sur la vague \u00ab\u00a0\u00e9cologique\u00a0\u00bb, r\u00e9pondant \u00e0 une demande de r\u00e9duction d&rsquo;\u00e9mission de gaz carbonique. Depuis sa sortie, les employ\u00e9s de La Poste encouragent \u00e9norm\u00e9ment les consommateurs \u00e0 utiliser ce service pour ses raisons ... Lire plus","og_url":"https:\/\/horaireslaposte.com\/info\/courrier-france\/lettre-verte\/","og_site_name":"Info Business et Entreprise","article_modified_time":"2024-06-20T13:43:30+00:00","og_image":[{"url":"https:\/\/horaireslaposte.com\/info\/wp-content\/uploads\/2024\/06\/lettre-verte-660x841-1.jpg","type":"","width":"","height":""}],"twitter_card":"summary_large_image","schema":{"@context":"https:\/\/schema.org","@graph":[{"@type":"WebPage","@id":"https:\/\/horaireslaposte.com\/info\/courrier-france\/lettre-verte\/","url":"https:\/\/horaireslaposte.com\/info\/courrier-france\/lettre-verte\/","name":"Lettre verte - Info Business et Entreprise","isPartOf":{"@id":"https:\/\/horaireslaposte.com\/info\/#website"},"primaryImageOfPage":{"@id":"https:\/\/horaireslaposte.com\/info\/courrier-france\/lettre-verte\/#primaryimage"},"image":{"@id":"https:\/\/horaireslaposte.com\/info\/courrier-france\/lettre-verte\/#primaryimage"},"thumbnailUrl":"https:\/\/horaireslaposte.com\/info\/wp-content\/uploads\/2024\/06\/lettre-verte-660x841-1.jpg","datePublished":"2014-02-21T23:14:46+00:00","dateModified":"2024-06-20T13:43:30+00:00","breadcrumb":{"@id":"https:\/\/horaireslaposte.com\/info\/courrier-france\/lettre-verte\/#breadcrumb"},"inLanguage":"fr-FR","potentialAction":[{"@type":"ReadAction","target":["https:\/\/horaireslaposte.com\/info\/courrier-france\/lettre-verte\/"]}]},{"@type":"ImageObject","inLanguage":"fr-FR","@id":"https:\/\/horaireslaposte.com\/info\/courrier-france\/lettre-verte\/#primaryimage","url":"https:\/\/horaireslaposte.com\/info\/wp-content\/uploads\/2024\/06\/lettre-verte-660x841-1.jpg","contentUrl":"https:\/\/horaireslaposte.com\/info\/wp-content\/uploads\/2024\/06\/lettre-verte-660x841-1.jpg","width":660,"height":841},{"@type":"BreadcrumbList","@id":"https:\/\/horaireslaposte.com\/info\/courrier-france\/lettre-verte\/#breadcrumb","itemListElement":[{"@type":"ListItem","position":1,"name":"Accueil","item":"https:\/\/horaireslaposte.com\/info\/"},{"@type":"ListItem","position":2,"name":"Courrier France","item":"https:\/\/horaireslaposte.com\/info\/courrier-france\/"},{"@type":"ListItem","position":3,"name":"Lettre verte"}]},{"@type":"WebSite","@id":"https:\/\/horaireslaposte.com\/info\/#website","url":"https:\/\/horaireslaposte.com\/info\/","name":"Info Business et Entreprise","description":"","publisher":{"@id":"https:\/\/horaireslaposte.com\/info\/#organization"},"potentialAction":[{"@type":"SearchAction","target":{"@type":"EntryPoint","urlTemplate":"https:\/\/horaireslaposte.com\/info\/?s={search_term_string}"},"query-input":{"@type":"PropertyValueSpecification","valueRequired":true,"valueName":"search_term_string"}}],"inLanguage":"fr-FR"},{"@type":"Organization","@id":"https:\/\/horaireslaposte.com\/info\/#organization","name":"Info Business et Entreprise","url":"https:\/\/horaireslaposte.com\/info\/","logo":{"@type":"ImageObject","inLanguage":"fr-FR","@id":"https:\/\/horaireslaposte.com\/info\/#\/schema\/logo\/image\/","url":"https:\/\/horaireslaposte.com\/info\/wp-content\/uploads\/2024\/05\/cropped-Capture-decran-2024-05-20-a-12.31.27.png","contentUrl":"https:\/\/horaireslaposte.com\/info\/wp-content\/uploads\/2024\/05\/cropped-Capture-decran-2024-05-20-a-12.31.27.png","width":346,"height":88,"caption":"Info Business et Entreprise"},"image":{"@id":"https:\/\/horaireslaposte.com\/info\/#\/schema\/logo\/image\/"}}]}},"_links":{"self":[{"href":"https:\/\/horaireslaposte.com\/info\/wp-json\/wp\/v2\/pages\/25","targetHints":{"allow":["GET"]}}],"collection":[{"href":"https:\/\/horaireslaposte.com\/info\/wp-json\/wp\/v2\/pages"}],"about":[{"href":"https:\/\/horaireslaposte.com\/info\/wp-json\/wp\/v2\/types\/page"}],"author":[{"embeddable":true,"href":"https:\/\/horaireslaposte.com\/info\/wp-json\/wp\/v2\/users\/1"}],"replies":[{"embeddable":true,"href":"https:\/\/horaireslaposte.com\/info\/wp-json\/wp\/v2\/comments?post=25"}],"version-history":[{"count":1,"href":"https:\/\/horaireslaposte.com\/info\/wp-json\/wp\/v2\/pages\/25\/revisions"}],"predecessor-version":[{"id":12284,"href":"https:\/\/horaireslaposte.com\/info\/wp-json\/wp\/v2\/pages\/25\/revisions\/12284"}],"up":[{"embeddable":true,"href":"https:\/\/horaireslaposte.com\/info\/wp-json\/wp\/v2\/pages\/12164"}],"wp:attachment":[{"href":"https:\/\/horaireslaposte.com\/info\/wp-json\/wp\/v2\/media?parent=25"}],"curies":[{"name":"wp","href":"https:\/\/api.w.org\/{rel}","templated":true}]}}